 - 2*w. Let x be 37/w - 30/(-195). Is x - -2*5 - -2 a multiple of 15?
True
Suppose -45*t + 42*t + 1275 = 0. Does 35 divide t?
False
Let o(d) = d**2 + d + 118. Let j be (-1 + 0)*(-3 + 3). Is 18 a factor of o(j)?
False
Let w(v) = 24*v + 3. Let y(f) = 6*f + 4. Let o be y(-4). Let i be (o/(-25))/(2/5). Does 8 divide w(i)?
False
Suppose 1183 + 137 = 4*i. Suppose 6*g - i = g. Suppose 4*o - 156 + 23 = -3*f, -g = -2*f + 3*o. Is 12 a factor of f?
False
Does 43 divide 292 + 5 - (2 + -6)?
True
Does 38 divide 7556/8 + -8 + 1/(-2)?
False
Let f = 66 + 207. Suppose -3*y + f = 42. Is (-26)/(-7) - (-22)/y a multiple of 3?
False
Let a = -6 + 7. Let b = 31 + a. Is 16 a factor of 10*(-5)/((-50)/b)?
True
Suppose 0 = 4*z - 20, -o + 120 = -z - 2*z. Suppose -o + 5 = -2*k. Is 13 a factor of k?
True
Suppose 3*z - 4*r - 28 = 6, 4*r = 2*z - 28. Let j(w) = 4*w - 6. Is 18 a factor of j(z)?
True
Is (0 - 32)*(6 - 7 - 1) a multiple of 3?
False
Let t be (-2)/8 + 393/(-12). Is (0 - t)*20/12 a multiple of 5?
True
Suppose l + 1 = 0, 5*k + l = -2*l + 77. Let p(v) = -2*v**2 - 18*v**3 + 31*v**3 - 14*v**3 - k*v**2 + 12. Does 6 divide p(-18)?
True
Let d(g) = 15*g + 1030. Is 10 a factor of d(-58)?
True
Let u(m) = 4*m - 7. Let h(d) = -3*d + 2. Let v(f) = -7*h(f) - 5*u(f). Suppose 2*i + i = -2*w - 35, -w = -2*i - 21. Is v(i) a multiple of 9?
False
Let p(i) = i**3 - 2*i**2 - 2*i + 3. Let r be p(2). Let m = 19 - r. Does 4 divide m?
True
Let q(d) = -4*d**3 + 2*d - 1. Let n be q(-2). Suppose -n = -2*p + 5. Does 8 divide p?
True
Suppose -7*w + 11*w + 480 = 0. Let x = 69 - w. Is x a multiple of 9?
True
Let y be (-52)/(4/4 + -3). Is 3 a factor of y + 12/(5 + -1)?
False
Let d be (-976)/10 + -2 + (-30)/(-50). Is 26 a factor of (-1 + 4)*11/(d/(-156))?
True
Let r be 63/13 + (-14)/(-91). Let u = r - 3. Suppose -2*j + 2*i - 2 = -42, u*j = i + 37. Is j a multiple of 17?
True
Let y(j) = -j**3 - 4*j**2 - j - 1. Let t be y(-4). Let s(b) = b**3 - 2*b**2 - b + 2. Let i be s(t). Suppose i + 5 = h. Is 9 a factor of h?
False
Let g(b) = -2*b**3 - 36*b**2 - 27*b + 81. Is g(-19) a multiple of 28?
True
Let c(k) = k**3 + 4*k**2 - k + 4. Is c(6) a multiple of 21?
False
Let o(h) = -4*h**3 - 4*h**2 - 13*h + 16. Is o(-6) a multiple of 68?
False
Suppose 2*z = -0 + 8. Suppose z*v - 151 + 11 = 0. Does 26 divide v?
False
Let v = 434 + 268. Is 18 a factor of v?
True
Suppose 910 = 5*p - 585. Does 36 divide p?
False
Suppose 3*y = 3*x + 2*y - 247, -3*y - 336 = -4*x. Suppose 6*k - 21 = x. Is 8 a factor of k?
False
Is 3 a factor of 885/35 - (-10)/(-35)?
False
Is 32 a factor of (-96080)/(-208) + 1/13?
False
Suppose 7*p + 4*q = 8*p - 1024, 5*q = -2*p + 2035. Does 17 divide p?
True
Let d = -17 + 16. Let a(w) = w**3 - w**2 - w - 1. Let o be a(d). Let z(j) = -6*j**3 + 2*j**2 + 2*j + 4. Is z(o) a multiple of 28?
True
Let r be (-3 + -7)*(3/(-5) + 1). Does 4 divide (1 - 5)*27/r?
False
Suppose 12*y + 16 = 16*y. Let s = 16 + -5. Let n = s - y. Does 3 divide n?
False
Let p(m) = m**2 - m + 68. Is 22 a factor of p(7)?
True
Suppose 4*d = 22 - 2. Suppose -d*a + 2*a = 12. Is ((-7)/a)/((-2)/(-24)) a multiple of 7?
True
Suppose -y = -2, -5*f - 2*y + 1307 = -642. Is f a multiple of 106?
False
Suppose -6*d - 40 = -d + 3*l, -2*d - 2*l = 16. Let n = d + 11. Suppose 0*s + n*y - 99 = -3*s, -s = 2*y - 28. Does 19 divide s?
True
Suppose 6*a = 5*l + a - 1710, 4*a - 337 = -l. Is 9 a factor of l?
False
Suppose 5*b + 11 - 106 = 0. Suppose 0 = 3*v - 64 + b. Let p = -12 + v. Is p a multiple of 3?
True
Let t = -3 + 7. Let g be (-6)/t - (-3)/6. Does 16 divide -2 + (48 - (g + 3))?
False
Suppose -2*s = 4*d - d + 513, 5*d + 4*s + 857 = 0. Let n = d + 255. Does 14 divide n?
False
Let z = -271 - -467. Let m = z - 140. Is m a multiple of 8?
True
Suppose 136*t - 194707 = -48507. Is 25 a factor of t?
True
Let x be 124/12 + (-4)/(-6). Suppose -14 = -5*n + x. Suppose 0 = v + 4*o - 36, 201 = -v + n*v - 3*o. Is 12 a factor of v?
True
Let q(f) = -f + 7. Let h be q(5). Let u = 249 + -242. Suppose -h*l + 4*s = -2, s - u = -l - 0*s. Does 2 divide l?
False
Let z(x) = 2*x**3 + 2*x**2 - x - 1. Let h be z(1). Suppose h*i + 0*t - t = 114, -2*t - 54 = -i. Is 16 a factor of i?
False
Suppose -7*n + 17*n - 1270 = 0. Let w = n - 75. Does 4 divide w?
True
Suppose 2*o - 34 = -0*o. Let r = 21 - o. Suppose 6 = r*b - 14. Does 3 divide b?
False
Let j(n) = 101*n**2 + 3*n + 3. Let l be j(-1). Let r = l - 55. Does 23 divide r?
True
Suppose -2*v + 5*v + 889 = 5*a, -4*v - 708 = -4*a. Suppose -47 + 175 = 2*m - b, -a = -3*m - 5*b. Does 21 divide m?
True
Let y = 13 - 10. Suppose 3*w + 2*z + 304 = 7*w, 210 = 3*w + y*z. Does 22 divide w?
False
Let v = -2526 - -4962. Is v a multiple of 42?
True
Let w(v) = -v + 7. Let l be w(6). Let g be l - (2 + (-6)/2). Suppose 0 = 3*o + 2*n - 3*n - 47, o = -g*n + 4. Is o a multiple of 13?
False
Let s = 670 + -262. Does 8 divide s?
True
Let o(t) = -t**3 + 8*t**2 + 7*t + 3. Let b be o(6). Let x = b - 57. Suppose 4*c = 7*c - x. Does 5 divide c?
True
Let a(n) = -n**3 + n**2 + 4*n + 3. Let y(l) = l - 2. Let g be y(5). Let v be a(g). Is 14 a factor of (30/(-8))/(v/20)?
False
Suppose -3034 = -2*f + 4*a, -4*f - 14*a + 8*a = -6026. Is f a multiple of 21?
False
Let z(t) = 142*t**2 - 11*t + 15. Is z(3) a multiple of 18?
True
Let l be (-24)/(-156) + 5/(130/4468). Let d = -119 + l. Is d a multiple of 25?
False
Suppose -3*a + 552 + 6009 = 0. Does 27 divide a?
True
Suppose -791 = -2*t + 1. Is 12 a factor of t?
True
Let s(k) = k - 1. Let w(v) = -35*v - 35. Let d(t) = -28*s(t) + w(t). Let n(m) = -64*m - 6. Let o(c) = 5*d(c) - 6*n(c). Does 12 divide o(1)?
False
Let i(p) = -p**2 - 3*p + 3. Let r(t) = -5*t**2 - 16*t + 15. Let c(z) = 11*i(z) - 2*r(z). Let o be c(0). Is ((-30)/(-4))/(o/12) a multiple of 15?
True
Let v = -85 - -173. Is 13 a factor of v?
False
Let y = 7 + -18. Let a be (-2)/y + (-212)/(-44). Suppose a*s = x + 7, 5*x - 2*s = 2*s + 7. Is x a multiple of 2?
False
Let g(i) = -4*i - 14. Let j be g(-10). Suppose -64 = -5*r + 2*v + 30, 4*v = r - j. Let f = 22 - r. Does 3 divide f?
False
Suppose 2370 = 2*m - 2*k, 0*m + k = 5*m - 5937. Is 16 a factor of m?
False
Let m = -614 + 744. Is 26 a factor of m?
True
Suppose -t + 25 = 5*j + t, 2*t = -j - 3. Suppose 3*x = 4*q + 5 + j, 0 = -3*x - 3*q - 9. Suppose x = c - 2*c - 1, -3*a = -5*c - 143. Is 23 a factor of a?
True
Suppose 6 = 3*n, 5*l - 5*n + 7*n + 36 = 0. Let t(i) = -i**3 - 9*i**2 - 13*i - 30. Does 2 divide t(l)?
True
Suppose 4*t + 477 = 5*z, -8*t + 7*t + 276 = 3*z. Does 3 divide z?
True
Let q(c) = -c**3 + 10*c**2 - 8*c - 7. Let j be q(9). Suppose -j*t + 4*v = -206, 9 = 3*t - 4*v - 306. Does 19 divide t?
False
Let i(u) = -u**3 - u**2 + 3*u - 3. Let n be i(-3). Suppose -44 = -n*p - 14. Let j = -2 + p. Is j a multiple of 3?
True
Let v = 5 - 26. Let m = -1 - v. Is 4 a factor of m?
True
Suppose -5*j + 2 + 14 = -2*g, -2*g + 4*j - 14 = 0. Does 11 divide (6 - 76/12) + (-373)/g?
False
Let a(m) = -20*m. Let p(k) = 10*k. Let x(d) = 2*a(d) + 5*p(d). Let q be x(6). Let t = q - 15. Is 15 a factor of t?
True
Let f(m) = m**3 + 7*m**2 + 5*m - 12. Let z be f(-5). Suppose -z*p = -10*p - 225. Does 15 divide p?
True
Let y = -46 - -45. Is y - 7/(14/(-132)) a multiple of 20?
False
Let k be 1065/(-21) - 4/14. Suppose -f = w - 20 - 70, 4*f = 5*w + 342. Let p = f + k. Does 9 divide p?
False
Let u = -74 - -77. Suppose -l + 275 = -j, -2*l + 555 = -0*l - u*j. Is 15 a factor of l?
True
Let g(f) = -f**3 - 15*f**2 - 20*f - 30. Is g(-15) a multiple of 8?
False
Let l(k) = 188*k**3 + 2*k**2 + k - 3. Let a(n) = n**2 + 6*n - 39. Let j be a(-10). Is 11 a factor of l(j)?
False
Does 9 divide 241936/128 + 1/16*-2?
True
Let m be 96/7 - 4/(-14). Let h be -5*(1 + (-43)/5). Suppose 4*v - h = -z - m, 0 = -3*z + 3*v - 3. Does 3 divide z?
False
Is 2*(369 - -1) + 4 a multiple of 24?
True
Suppose 0 = -44*g + 40*g + 24. Suppose g*c = 518 + 538. Is 22 a factor of c?
True
Suppose -88*z + 89*z = 83. Is 2 a factor of z?
False
Let k = -37 - -9. Let i = k - -41. Is (i/2)/(1/4) a multiple of 13?
True
Let g be (-2)/8 - (-2 + (-1)/4). Suppose g = -5*q + 17, 2*n + q - 193 = 0. Is 12 a factor of n?
False
Suppose -9 = 3*w, -2*w - 12 + 0 = -i. Let u(l) = 14*l + 6. Is u(i) a multiple of 15?
True
Let n = 347 + -182. Let j = -80 + n. Is 17 a factor of j?
True
Suppose -5*k + 15 - 89 = 2*n, -2*k 